{"id":115,"date":"2013-03-04T15:24:04","date_gmt":"2013-03-04T13:24:04","guid":{"rendered":"http:\/\/ozanyarman.com\/wpress\/?page_id=115"},"modified":"2014-01-15T01:06:49","modified_gmt":"2014-01-14T23:06:49","slug":"wikinazariyat","status":"publish","type":"page","link":"https:\/\/ozanyarman.com\/wpress\/wikinazariyat\/","title":{"rendered":"wikinazariyat"},"content":{"rendered":"<h1 id=\"toc0\">Wikinazariyat sayfas\u0131na ho\u015fgeldiniz!<\/h1>\n<p><em>Wikinazariyat<\/em>\u00a0ba\u011f\u0131ms\u0131z ve a\u00e7\u0131k bir internet projesidir. Projenin ba\u015fl\u0131ca hedefi\u00a0<em>T\u00fcrk Klasik\/Sanat m\u00fczi\u011fi<\/em>\u00a0nazariyat\u0131n\u0131n\u00a0<strong>ortakla\u015fa<\/strong>\u00a0<strong>katk\u0131larla<\/strong>\u00a0en ba\u015ftan belirlenmesidir. Makamlar ile usullerin, farkl\u0131 nazari modellerdekilerle kar\u015f\u0131la\u015ft\u0131rmal\u0131 ve\u00a0<span style=\"text-decoration: underline;\">multimedya destekli<\/span>\u00a0olarak, a\u00e7\u0131klanmas\u0131, notasyonu ve tasnifi \u00f6nceli\u011fimizdir. Ayr\u0131ca, T\u00fcrkiye&#8217;nin y\u00f6resel halk havalar\u0131 ile pop\u00fcler m\u00fcziklerine dair teknik ve teorik incelemeler de ilgi alan\u0131m\u0131za girmektedir.<\/p>\n<p>M\u00fczi\u011fin kuram kolu, icrac\u0131l\u0131k ve bestecilik kollar\u0131 kadar \u00f6nemli, hatta, bunlar\u0131 destekler \u00f6zelliktedir. Nazariyat, m\u00fczik e\u011fitiminin olmazsa olmaz\u0131d\u0131r. Gelecekte, m\u00fczik e\u011fitimcilerimizin referans alabilece\u011fi bir kaynak olma idealini ta\u015f\u0131yoruz.<\/p>\n<h2 id=\"toc1\"><a name=\"Wikinazariyat sayfas\u0131na ho\u015fgeldiniz!-M\u00fczik teorisine dair\"><\/a>M\u00fczik teorisine dair<\/h2>\n<p>M\u00fczi\u011fimiz i\u00e7in ideal bir teoriyi iki ana dalda ele alabiliriz:<\/p>\n<p>1. E\u011fitimcilerimizi derinden ilgilendiren ve icrac\u0131\/besteci yeti\u015ftirmede onlar\u0131 her ad\u0131mda y\u00f6nlendiren &#8220;<em>prati\u011fe y\u00f6nelik m\u00fczik teorisi<\/em>&#8221;<\/p>\n<ul>\n<li>Nota yaz\u0131m\u0131yla perdeler ile aral\u0131klar, diziler, \u00f6teleme (transpozisyon), zaman ile \u00f6l\u00e7\u00fc, ritim ve melodi gibi elementer bilgiler,<\/li>\n<li>Tempo, dinamik, n\u00fcans belirte\u00e7leri ve i\u015faretleri gibi m\u00fcziksel terimler ile ifadeler,<\/li>\n<li>M\u00fczik de\u015fifresi (solfej) ve diktasyon pratikleri,<\/li>\n<li>Makamlar\/modlar\/tonlar ve seyir \u00f6zellikleri (fonksiyonel dereceler, entonasyon, ge\u00e7ki, \u00e7e\u015fni, vs&#8230;),<\/li>\n<li>Usuller (vuru\u015f \u015fiddetleri, velveleler, mertebeler, vs&#8230;),<\/li>\n<li>Armoni, kontrapunto, mikrotonal polifoni \u00e7al\u0131\u015fmalar\u0131,<\/li>\n<li>Form bilgisi, eser analizi ve prozodi,<\/li>\n<li>Enstrumantasyon ve orkestrasyon denemeleri (bize \u00f6zg\u00fc \u00e7alg\u0131 ve partit\u00fcr bilgisi, doku ve renklendirme, vs&#8230;),<\/li>\n<li>\u00c7alg\u0131 metodlar\u0131 (bir \u00e7alg\u0131ya mahsus \u00f6\u011fretici teknik-artistik bilgiler ve nota-icra \u00f6rnekleri).<\/li>\n<\/ul>\n<p>2. \u0130leri derecede akustik, psiko-fizyolojik, fiziksel-matematiksel ve analitik, yani &#8220;<em>labaratuvar m\u00fczik teorisi<\/em>&#8221;<\/p>\n<ul>\n<li>Aral\u0131k, frekans, vuru hesaplar\u0131,<\/li>\n<li>M\u00fczik dizilerinin anatomisi,<\/li>\n<li>Ses-d\u00fczenleri ve temperamanlar,<\/li>\n<li>Modalite, tonalite, \u00e7okseslilik m\u00fchendisli\u011fi,<\/li>\n<li>Tarihsel teorik metinlerin incelenmesi,<\/li>\n<li>\u00c7alg\u0131 modelleme ve imalat\u0131,<\/li>\n<li>Ses teknolojileri.<\/li>\n<\/ul>\n","protected":false},"excerpt":{"rendered":"<p>Wikinazariyat sayfas\u0131na ho\u015fgeldiniz! Wikinazariyat\u00a0ba\u011f\u0131ms\u0131z ve a\u00e7\u0131k bir internet projesidir. Projenin ba\u015fl\u0131ca hedefi\u00a0T\u00fcrk Klasik\/Sanat m\u00fczi\u011fi\u00a0nazariyat\u0131n\u0131n\u00a0ortakla\u015fa\u00a0katk\u0131larla\u00a0en ba\u015ftan belirlenmesidir. Makamlar ile usullerin, farkl\u0131 nazari modellerdekilerle kar\u015f\u0131la\u015ft\u0131rmal\u0131 ve\u00a0multimedya destekli\u00a0olarak, a\u00e7\u0131klanmas\u0131, notasyonu ve tasnifi \u00f6nceli\u011fimizdir. Ayr\u0131ca, T\u00fcrkiye&#8217;nin y\u00f6resel halk havalar\u0131 ile pop\u00fcler m\u00fcziklerine dair teknik &hellip; <a href=\"https:\/\/ozanyarman.com\/wpress\/wikinazariyat\/\">Continue reading <span class=\"meta-nav\">&rarr;<\/span><\/a><\/p>\n","protected":false},"author":1,"featured_media":0,"parent":0,"menu_order":1,"comment_status":"open","ping_status":"closed","template":"showcase.php","meta":{"footnotes":""},"class_list":["post-115","page","type-page","status-publish","hentry"],"_links":{"self":[{"href":"https:\/\/ozanyarman.com\/wpress\/wp-json\/wp\/v2\/pages\/115","targetHints":{"allow":["GET"]}}],"collection":[{"href":"https:\/\/ozanyarman.com\/wpress\/wp-json\/wp\/v2\/pages"}],"about":[{"href":"https:\/\/ozanyarman.com\/wpress\/wp-json\/wp\/v2\/types\/page"}],"author":[{"embeddable":true,"href":"https:\/\/ozanyarman.com\/wpress\/wp-json\/wp\/v2\/users\/1"}],"replies":[{"embeddable":true,"href":"https:\/\/ozanyarman.com\/wpress\/wp-json\/wp\/v2\/comments?post=115"}],"version-history":[{"count":15,"href":"https:\/\/ozanyarman.com\/wpress\/wp-json\/wp\/v2\/pages\/115\/revisions"}],"predecessor-version":[{"id":169,"href":"https:\/\/ozanyarman.com\/wpress\/wp-json\/wp\/v2\/pages\/115\/revisions\/169"}],"wp:attachment":[{"href":"https:\/\/ozanyarman.com\/wpress\/wp-json\/wp\/v2\/media?parent=115"}],"curies":[{"name":"wp","href":"https:\/\/api.w.org\/{rel}","templated":true}]}}